the prime factors of 219?
3, 73
List the prime factors of 38406.
2, 3, 37, 173
List the prime factors of 2198.
2, 7, 157
What are the prime factors of 3359?
3359
List the prime factors of 36197.
7, 5171
What are the prime factors of 45741?
3, 79, 193
What are the prime factors of 212?
2, 53
What are the prime factors of 13317?
3, 23, 193
List the prime factors of 2272.
2, 71
List the prime factors of 611.
13, 47
What are the prime factors of 86?
2, 43
What are the prime factors of 20577?
3, 19
What are the prime factors of 69952?
2, 1093
What are the prime factors of 9998?
2, 4999
List the prime factors of 1694.
2, 7, 11
What are the prime factors of 8009?
8009
What are the prime factors of 364?
2, 7, 13
List the prime factors of 78.
2, 3, 13
List the prime factors of 1655.
5, 331
List the prime factors of 2294.
2, 31, 37
List the prime factors of 526.
2, 263
List the prime factors of 1378.
2, 13, 53
What are the prime factors of 158755?
5, 31751
List the prime factors of 3124.
2, 11, 71
List the prime factors of 2735.
5, 547
What are the prime factors of 65417?
11, 19, 313
List the prime factors of 26615.
5, 5323
List the prime factors of 243.
3
List the prime factors of 70.
2, 5, 7
List the prime factors of 40806.
2, 3, 2267
List the prime factors of 844.
2, 211
List the prime factors of 682.
2, 11, 31
List the prime factors of 93034.
2, 181, 257
What are the prime factors of 62561?
73, 857
What are the prime factors of 2049?
3, 683
List the prime factors of 184930.
2, 5, 18493
List the prime factors of 7333.
7333
What are the prime factors of 6422?
2, 13, 19
List the prime factors of 28376.
2, 3547
List the prime factors of 43115.
5, 8623
What are the prime factors of 3839?
11, 349
What are the prime factors of 13303?
53, 251
What are the prime factors of 100675?
5, 4027
What are the prime factors of 88081?
7, 12583
List the prime factors of 3.
3
List the prime factors of 13694.
2, 41, 167
What are the prime factors of 2454?
2, 3, 409
What are the prime factors of 8265?
3, 5, 19, 29
List the prime factors of 1056.
2, 3, 11
List the prime factors of 39808.
2, 311
What are the prime factors of 660?
2, 3, 5, 11
What are the prime factors of 5457?
3, 17, 107
What are the prime factors of 10073?
7, 1439
What are the prime factors of 202?
2, 101
What are the prime factors of 69300?
2, 3, 5, 7, 11
List the prime factors of 583.
11, 53
List the prime factors of 3052.
2, 7, 109
What are the prime factors of 23915?
5, 4783
What are the prime factors of 59?
59
What are the prime factors of 7281?
3, 809
List the prime factors of 2520.
2, 3, 5, 7
List the prime factors of 8080.
2, 5, 101
List the prime factors of 3926.
2, 13, 151
List the prime factors of 50900.
2, 5, 509
What are the prime factors of 3446?
2, 1723
List the prime factors of 36.
2, 3
List the prime factors of 2342.
2, 1171
What are the prime factors of 448?
2, 7
What are the prime factors of 484?
2, 11
What are the prime factors of 20327?
20327
What are the prime factors of 16566?
2, 3, 11, 251
What are the prime factors of 3671?
3671
List the prime factors of 8310.
2, 3, 5, 277
What are the prime factors of 3631?
3631
List the prime factors of 7297.
7297
List the prime factors of 72503.
72503
What are the prime factors of 1501?
19, 79
List the prime factors of 7379.
47, 157
List the prime factors of 2356.
2, 19, 31
What are the prime factors of 871?
13, 67
What are the prime factors of 13923?
3, 7, 13, 17
List the prime factors of 353.
353
List the prime factors of 4196.
2, 1049
List the prime factors of 1443.
3, 13, 37
What are the prime factors of 55099?
11, 5009
List the prime factors of 1700.
2, 5, 17
List the prime factors of 11574.
2, 3, 643
List the prime factors of 100174.
2, 50087
List the prime factors of 22.
2, 11
List the prime factors of 21319.
21319
What are the prime factors of 1182?
2, 3, 197
What are the prime factors of 16962?
2, 3, 11, 257
List the prime factors of 4358.
2, 2179
What are the prime factors of 4858?
2, 7, 347
List the prime factors of 3581.
3581
List the prime factors of 5046.
2, 3, 29
List the prime factors of 9831.
3, 29, 113
List the prime factors of 112406.
2, 7, 31, 37
What are the prime factors of 5367?
3, 1789
List the prime factors of 530.
2, 5, 53
List the prime factors of 198.
2, 3, 11
What are the prime factors of 1510?
2, 5, 151
List the prime factors of 6965.
5, 7, 199
List the prime factors of 5673.
3, 31, 61
List the prime factors of 6.
2, 3
List the prime factors of 10243.
10243
What are the prime factors of 268?
2, 67
List the prime factors of 57239.
7, 13, 17, 37
What are the prime factors of 5501?
5501
What are the prime factors of 180511?
180511
What are the prime factors of 459?
3, 17
List the prime factors of 101402.
2, 7, 7243
What are the prime factors of 21685?
5, 4337
What are the prime factors of 1308?
2, 3, 109
List the prime factors of 99650.
2, 5, 1993
What are the prime factors of 39146?
2, 23, 37
List the prime factors of 1949.
1949
List the prime factors of 3642.
2, 3, 607
List the prime factors of 9381.
3, 53, 59
What are the prime factors of 3597?
3, 11, 109
What are the prime factors of 973?
7, 139
List the prime factors of 1196.
2, 13, 23
List the prime factors of 1066.
2, 13, 41
What are the prime factors of 25873?
25873
List the prime factors of 829.
829
What are the prime factors of 1152?
2, 3
What are the prime factors of 7885?
5, 19, 83
What are the prime factors of 5744?
2, 359
List the prime factors of 113790.
2, 3, 5, 3793
What are the prime factors of 36907?
13, 17, 167
List the prime factors of 4630.
2, 5, 463
What are the prime factors of 245?
5, 7
What are the prime factors of 42718?
2, 13, 31, 53
List the prime factors of 8288.
2, 7, 37
List the prime factors of 490.
2, 5, 7
What are the prime factors of 27189?
3, 19, 53
What are the prime factors of 1273?
19, 67
What are the prime factors of 13327?
13327
List the prime factors of 8952.
2, 3, 373
What are the prime factors of 4463?
4463
List the prime factors of 3051.
3, 113
What are the prime factors of 3440?
2, 5, 43
What are the prime factors of 4112?
2, 257
What are the prime factors of 906?
2, 3, 151
List the prime factors of 3509.
11, 29
What are the prime factors of 4015?
5, 11, 73
List the prime factors of 4227.
3, 1409
List the prime factors of 2468.
2, 617
List the prime factors of 12.
2, 3
What are the prime factors of 46153?
46153
List the prime factors of 21081.
3, 7027
What are the prime factors of 6105?
3, 5, 11, 37
What are the prime factors of 14025?
3, 5, 11, 17
What are the prime factors of 5167?
5167
List the prime factors of 532.
2, 7, 19
List the prime factors of 6910.
2, 5, 691
List the prime factors of 22679.
22679
List the prime factors of 42045.
3, 5, 2803
What are the prime factors of 22018?
2, 101, 109
List the prime factors of 36458.
2, 18229
List the prime factors of 4846.
2, 2423
List the prime factors of 11100.
2, 3, 5, 37
What are the prime factors of 108?
2, 3
List the prime factors of 9193.
29, 317
What are the prime factors of 2550?
2, 3, 5, 17
What are the prime factors of 1250?
2, 5
What are the prime factors of 17679?
3, 71, 83
What are the prime factors of 1188?
2, 3, 11
List the prime factors of 10523.
17, 619
List the prime factors of 25343.
25343
List the prime factors of 14241.
3, 47, 101
List the prime factors of 7268.
2, 23, 79
List the prime factors of 3225.
3, 5, 43
What are the prime factors of 369?
3, 41
What are the prime factors of 79068?
2, 3, 11, 599
What are the prime factors of 642?
2, 3, 107
List the prime factors of 44395.
5, 13, 683
List the prime factors of 33188.
2, 8297
List the prime factors of 1574.
2, 787
What are the prime factors of 16392?
2, 3, 683
List the prime factors of 12863.
19, 677
List the prime factors of 400.
2, 5
List the prime factors of 4588.
2, 31, 37
What are the prime factors of 480?
2, 3, 5
What are the prime factors of 53958?
2, 3, 17, 23
List the prime factors of 5035.
5, 19, 53
List the prime factors of 1769.
29, 61
What are the prime factors of 1576?
2, 197
What are the prime factors of 5222?
2, 7, 373
List the prime factors of 1732.
2, 433
What are the prime factors of 10181?
10181
List the prime factors of 2779.
7, 397
List the prime factors of 511.
7, 73
What